{"id":123,"date":"2020-02-06T19:13:31","date_gmt":"2020-02-06T19:13:31","guid":{"rendered":"http:\/\/foerderverein.feuerwehr-harpstedt.de\/?page_id=123"},"modified":"2020-02-09T14:58:55","modified_gmt":"2020-02-09T14:58:55","slug":"satzung","status":"publish","type":"page","link":"https:\/\/foerderverein.feuerwehr-harpstedt.de\/?page_id=123","title":{"rendered":"Satzung"},"content":{"rendered":"<p><span style=\"font-size: 18pt; color: #000000;\">F\u00f6rderverein der Freiwilligen Feuerwehr Harpstedt e.V.<\/span><\/p>\n<p><span style=\"font-size: 18pt; color: #000000;\">Satzung<\/span><\/p>\n<p><span style=\"color: #000000;\"><strong>\u00a7 1 Name, Sitz und Gesch\u00e4ftsjahr<br \/>\n<\/strong>(1) Der Verein tr\u00e4gt den Namen \u201eF\u00f6rderverein der Freiwilligen Feuerwehr Harpstedt e.V.\u201c(nachfolgend Verein genannt) und hat seinen Sitz in Harpstedt. Das Gesch\u00e4ftsjahr entspricht dem Kalenderjahr.<\/span><\/p>\n<p><span style=\"color: #000000;\">(2) Der Verein soll im Vereinsregister beim Amtsgericht Oldenburg eingetragen werden.<\/span><\/p>\n<p><span style=\"color: #000000;\"><strong>\u00a7 2 Zweck<\/strong><\/span><br \/>\n<span style=\"color: #000000;\">(1) Der Verein dient ausschlie\u00dflich und unmittelbar der F\u00f6rderung des Feuerwehrwesens, des Feuerschutzes, der V\u00f6lkerverst\u00e4ndigung, der Jugendpflege und Jugendf\u00f6rderung. Der Verein ist selbstlos t\u00e4tig, er verfolgt nicht in erster Linie eigenwirtschaftliche Zwecke sondern dient unmittelbar und ausschlie\u00dflich gemeinn\u00fctzigen Zwecken im Sinne des Abschnitts \u201eSteuerbeg\u00fcnstigte Zwecke\u201c der Abgabenordnung.<\/span><\/p>\n<p style=\"padding-left: 40px;\"><span style=\"color: #000000;\"><em><strong>Der Verein hat die Aufgabe:<br \/>\n<\/strong><\/em>a) das Feuerwehrwesen zu f\u00f6rdern<\/span><br \/>\n<span style=\"color: #000000;\">b) f\u00fcr den Brandschutzgedanken zu werben<\/span><br \/>\n<span style=\"color: #000000;\">c) interessierte Einwohner \u00fcber die Feuerwehr zu informieren und aufzukl\u00e4ren<\/span><br \/>\n<span style=\"color: #000000;\">d) das Eigentum des Vereins zu verwalten, zu sch\u00fctzen und zu pflegen<\/span><br \/>\n<span style=\"color: #000000;\">e) die Bet\u00e4tigung im Feuerwehrwesen, insbesondere die F\u00f6rderung sportlicher \u00dcbungen und Leistungen<\/span><br \/>\n<span style=\"color: #000000;\">f) die Kameradschaft und den Kontakt zu der Feuerwehr zu f\u00f6rdern und zu pflegen<\/span><br \/>\n<span style=\"color: #000000;\">g) die Geschichte der Feuerwehr zu pflegen<\/span><br \/>\n<span style=\"color: #000000;\">h) sonstige Aufgaben zur allgemeinen F\u00f6rderung des Feuerwehrwesens<\/span><br \/>\n<span style=\"color: #000000;\">i) die Betreuung der Jugendfeuerwehr<\/span><br \/>\n<span style=\"color: #000000;\">j) F\u00f6rderung des Feuerwehrmusikwesens (Jugendspielmannszug)<\/span><br \/>\n<span style=\"color: #000000;\">k) \u00d6ffentlichkeitsarbeit<\/span><\/p>\n<p><span style=\"color: #000000;\">(2) Der Verein pflegt die Zusammenarbeit mit \u00fcbrigen Vereinen gleichen Zwecks und mit allen am Brandschutz Interessierten und f\u00fcr diese verantwortlichen Stellen und Organisationen. Au\u00dferdem wird die V\u00f6lkerverst\u00e4ndigung mit dem franz\u00f6sischen Ort Lou\u00e9 gef\u00f6rdert.<\/span><\/p>\n<p><span style=\"color: #000000;\"><strong>\u00a7 3 Mittel<br \/>\n<\/strong>(1) Die zur Erf\u00fcllung der Aufgaben n\u00f6tigen Mittel erwirbt sich der Verein durch Mitgliedsbeitr\u00e4ge, Zusch\u00fcsse, Spenden, Schenkungen und ggf. \u00dcbersch\u00fcsse aus Veranstaltungen. Die Mittel d\u00fcrfen nur f\u00fcr satzungsgem\u00e4\u00dfe Zwecke verwendet werden. \u00dcber die Verwendung der Mittel ist ein Nachweis zu f\u00fchren. Vom Kassenf\u00fchrer ist \u00fcber Einnahmen und Ausgaben Buch zu f\u00fchren (vgl. \u00a7 10 dieser Satzung). Es darf keine Person durch Ausgaben, die dem Zweck der K\u00f6rperschaft fremd sind oder durch unverh\u00e4ltnism\u00e4\u00dfig hohe Verg\u00fctungen, beg\u00fcnstigt werden. Die Mitglieder erhalten keine Zuwendungen aus Mitteln des Vereins.<\/span><\/p>\n<p><span style=\"color: #000000;\"><strong>\u00a7 4 Anschaffungen<\/strong><\/span><br \/>\n<span style=\"color: #000000;\">(1) Anschaffungen des Vereins (feuerwehrtechnisches Ger\u00e4t, Ausstattung des Feuerwehrger\u00e4tehauses, der Feuerwehrkameraden, der Jugendfeuerwehr, der Altersabteilung und des Jugendspielmannszugs) werden der Ortswehr Harpstedt zur uneingeschr\u00e4nkten und kostenlosen Nutzung zur Verf\u00fcgung gestellt, bleiben jedoch stets Eigentum des Vereins. Eine Weitergabe (Ver\u00e4u\u00dferung, Leihe oder Miete) der Gegenst\u00e4nde an Dritte bedarf der Zustimmung des Vereins. Der Verein kann die R\u00fcckgabe der Ausstattungsgegenst\u00e4nde fordern.<\/span><\/p>\n<p><span style=\"color: #000000;\">(2) \u00dcber Anschaffungen des Vereins kann der Vorstand unter Beachtung des \u00a7 9 Abs. 2 eigenst\u00e4ndig mit einfacher Mehrheit entscheiden.<\/span><\/p>\n<p><span style=\"color: #000000;\"><strong>\u00a7 5 Mitgliedschaft<br \/>\n<\/strong>(1) Schriftliche Aufnahmegesuche sind an den Vorstand zu richten. Der Vorstand entscheidet \u00fcber die Aufnahme. Der Eintritt kann jederzeit erkl\u00e4rt werden.<\/span><\/p>\n<p><span style=\"color: #000000;\">(2) Die Mitgliedschaft endet durch Tod, schriftliche Austrittserkl\u00e4rung oder Ausschluss. Ein Mitglied kann jederzeit seinen Austritt schriftlich an den Vorstand erkl\u00e4ren. Bereits eingezahlte Beitr\u00e4ge verbleiben im Vereinsverm\u00f6gen. Der Ausschluss kann nur erfolgen, wenn ein wichtiger Grund vorliegt. Ein wichtiger Grund liegt insbesondere dann vor,<\/span><\/p>\n<p><span style=\"color: #000000;\">\u2013 wenn das Mitglied schuldhaft in grober Weise die Interessen des Vereins verletzt, sich ehrenr\u00fchrig verh\u00e4lt oder den Vereinszwecken zuwiderhandelt.<\/span><br \/>\n<span style=\"color: #000000;\">\u2013 wenn ein Mitglied des Vereins mit seinem Mitgliedsbeitrag trotz Mahnung l\u00e4nger als sechs Monate im Verzug ist.<\/span><\/p>\n<p><span style=\"color: #000000;\">\u00dcber den Ausschluss entscheidet der Vorstand nach Anh\u00f6rung des Mitgliedes. Der Vorstand teilt dem Mitglied anschlie\u00dfend seine Entscheidung schriftlich mit. Bei Widerspruch entscheidet die Mitgliederversammlung in schriftlicher Abstimmung. Die Entscheidung ist nicht anfechtbar.<\/span><\/p>\n<p><span style=\"color: #000000;\">(3) Ein Mitglied hat nach Beendigung der Mitgliedschaft keinen Anspruch auf das Vereinsverm\u00f6gen.<\/span><\/p>\n<p><span style=\"color: #000000;\">(4) Mitglieder k\u00f6nnen nat\u00fcrliche und juristische Personen sowie K\u00f6rperschaften des \u00f6ffentlichen Rechts sein.<\/span><\/p>\n<p><span style=\"color: #000000;\">(5) Mitglieder sind verpflichtet Satzung und Beschl\u00fcsse zu beachten sowie jederzeit die Interessen des Vereins zu wahren.<\/span><\/p>\n<p><span style=\"color: #000000;\">(6) Die Ablehnung der Aufnahme durch den Vorstand ist nicht anfechtbar. Ein Aufnahmeanspruch besteht nicht.<\/span><\/p>\n<p><span style=\"color: #000000;\"><strong><span style=\"color: #000000;\">\u00a7 6 Beitrag<\/span><br \/>\n<\/strong>(1) Der Verein erhebt Mitgliedsbeitr\u00e4ge. Die H\u00f6he der Mitgliedsbeitr\u00e4ge ergibt sich aus einer Beitragsordnung, welche die Mitgliederversammlung mit einfacher Mehrheit beschlie\u00dft.<\/span><\/p>\n<p><span style=\"color: #000000;\"><strong>\u00a7 7 Organe<\/strong><\/span><br \/>\n<span style=\"color: #000000;\">(1) Die Organe des Vereins sind:<br \/>\na) die Mitgliederversammlung<br \/>\nb) der Vorstand<br \/>\nc) der erweiterte Vorstand<\/span><\/p>\n<p><span style=\"color: #000000;\"><strong>\u00a7 8 Mitgliederversammlung<br \/>\n<\/strong>(1) Die einmal j\u00e4hrlich stattfindende ordentliche Mitgliederversammlung ist die Jahreshauptversammlung.<\/span><\/p>\n<p><span style=\"color: #000000;\">(2) Die Einberufung zur Mitgliederversammlung erfolgt schriftlich durch den Vorstand mit einer Frist von zwei Wochen und wird durch Aushang unter Angabe der Tagesordnung bekannt gegeben.<\/span><\/p>\n<p><span style=\"color: #000000;\">Die Mitgliederversammlung beschlie\u00dft insbesondere \u00fcber:<\/span><br \/>\n<span style=\"color: #000000;\">a) die Festsetzung der Mitgliedsbeitr\u00e4ge<\/span><br \/>\n<span style=\"color: #000000;\">b) die Wahl der Vorstandsmitglieder<\/span><br \/>\n<span style=\"color: #000000;\">c) den Ausschluss eines Mitglieds<\/span><br \/>\n<span style=\"color: #000000;\">d) Entlastung des Vorstands<\/span><br \/>\n<span style=\"color: #000000;\">e) \u00c4nderung der Satzung<\/span><br \/>\n<span style=\"color: #000000;\">f) Kassenbericht<\/span><br \/>\n<span style=\"color: #000000;\">g) Wahl des Kassenpr\u00fcfers \/ der Kassenpr\u00fcferin<\/span><\/p>\n<p><span style=\"color: #000000;\">(3) Au\u00dferordentliche Mitgliederversammlungen m\u00fcssen einberufen werden, wenn mindestens 50 % der stimmberechtigten Mitglieder des Vereins dieses verlangen. Wird dem Verlangen durch den Vorstand nicht entsprochen, so k\u00f6nnen diese Mitglieder selbst die Mitgliederversammlung einberufen.<\/span><\/p>\n<p><span style=\"color: #000000;\">(4) Die Mitgliederversammlung wird durch den Vorstand geleitet. Die Versammlung beschlie\u00dft mit einfacher Mehrheit der erschienenen stimmberechtigten Mitglieder, soweit nicht in der Satzung etwas anderes bestimmt ist. Stimmengleichheit gilt als Ablehnung.<\/span><\/p>\n<p><span style=\"color: #000000;\">(5) Die Verhandlung und Beschl\u00fcsse des Vereins werden in Form eines Rechenschaftsberichts durch den Schriftf\u00fchrer niedergeschrieben, der Versammlung vorgelegt und nach Annahme neben der Unterschrift des Schriftf\u00fchrers vom Vereinsvorsitzenden oder dessen Stellvertreter unterzeichnet.<\/span><\/p>\n<p><span style=\"color: #000000;\"><strong>\u00a7 9 Der Vorstand<br \/>\n<\/strong>(1) Der Vorstand besteht aus:<\/span><br \/>\n<span style=\"color: #000000;\">a) dem\/der 1. Vorsitzende\/n<\/span><br \/>\n<span style=\"color: #000000;\">b) dem\/der 2. Vorsitzende\/n<\/span><br \/>\n<span style=\"color: #000000;\">c) dem\/der Kassenwart\/in<\/span><br \/>\n<span style=\"color: #000000;\">d) dem\/der Schriftf\u00fchrer\/in und Pressewart\/in<\/span><\/p>\n<p><span style=\"color: #000000;\">Der erweiterte Vorstand besteht aus den vorgenannten Vorstandsmitgliedern, dem Ortsbrandmeister und zwei Beisitzern, die von der Freiwilligen Feuerwehr Harpstedt aus den Ortskommando bestimmt werden.<\/span><\/p>\n<p><span style=\"color: #000000;\">In den Vorstand und den erweiterten Vorstand k\u00f6nnen nur unbeschr\u00e4nkt gesch\u00e4ftsf\u00e4hige Vereinsmitglieder gew\u00e4hlt werden.<\/span><\/p>\n<p><span style=\"color: #000000;\">(2) Vorstand im Sinne des \u00a7 26 BGB sind die\/der 1.Vorsitzende, die\/der 2. Vorsitzende und die\/der Kassenwart\/in. Jeder ist allein vertretungsberechtigt. Die Vertretungsmacht des Vorstandes ist in der Weise beschr\u00e4nkt, dass zu Grundst\u00fccksgesch\u00e4ften und zur Aufnahme von Krediten die Zustimmung der Mitgliederversammlung erfolgen muss. Der Vorstand kann Rechtsgesch\u00e4fte bis zu 1.000,00 \u20ac t\u00e4tigen. Diese Rechtsgesch\u00e4fte m\u00fcssen vom Kassenwart unterzeichnet und dem erweiterten Vorstand nachtr\u00e4glich zur Kenntnis gebracht werden. Rechtsgesch\u00e4fte \u00fcber 1.000,00 \u20ac k\u00f6nnen nur auf Grundlage eines Mehrheitsbeschlusses des erweiterten Vorstands erfolgen.<\/span><\/p>\n<p><span style=\"color: #000000;\">(3) Scheidet ein Vorstandsmitglied vorzeitig aus, so hat auf der n\u00e4chsten ordentlichen Mitgliederversammlung insoweit eine Neuwahl zu erfolgen. Das Recht einer au\u00dferordentlichen Mitgliederversammlung mit dem Ziel die Neuwahl zu beantragen, bleibt unber\u00fchrt. Scheidet mehr als ein Vorstandsmitglied im Sinne des \u00a7 26 BGB aus, ist eine au\u00dferordentliche Mitgliederversammlung einzuberufen mit der Tagesordnung \u201eNeuwahl der ausgeschiedenen Vorstandsmitglieder\u201c.<\/span><\/p>\n<p><span style=\"color: #000000;\">(4) Die Mitglieder des Vorstandes werden jeweils in der ordentlichen Mitgliederversammlung f\u00fcr die Dauer von 3 Jahren gew\u00e4hlt. Ausgenommen von der Wahl sind die Beisitzer, diese werden vom Ortskommando der freiwilligen Feuerwehr f\u00fcr 3 Jahre bestimmt. Der Vorstand bleibt jedoch so lange im Amt bis ein neuer Vorstand gew\u00e4hlt ist. Die Wiederwahl eines Vorstandsmitgliedes ist zul\u00e4ssig.<\/span><\/p>\n<p><span style=\"color: #000000;\">(5) Bei der Erstwahl wird ein\/e Kassenpr\u00fcfer\/in f\u00fcr die Dauer von 2 Jahren und ein\/e Kassenpr\u00fcfer\/in auf die Dauer von 1 Jahr gew\u00e4hlt. Danach erfolgt die Wahl abwechselnd im Jahresrhythmus f\u00fcr die Dauer von 2 Jahren.<\/span><\/p>\n<p><span style=\"color: #000000;\">(6) Dem Vorstand obliegt die Gesch\u00e4ftsf\u00fchrung des Vereins, zu seinen Aufgaben geh\u00f6rt:<\/span><br \/>\n<span style=\"color: #000000;\">a) die Bewilligung von Ausgaben<\/span><br \/>\n<span style=\"color: #000000;\">b) die Vorbereitung der Mitgliederversammlung<\/span><br \/>\n<span style=\"color: #000000;\">c) die Behandlung von Anregungen und Durchf\u00fchrung der Beschl\u00fcsse der Mitgliederversammlung<\/span><br \/>\n<span style=\"color: #000000;\">d) die Ernennung von Ehrenmitgliedern<\/span><\/p>\n<p><span style=\"color: #000000;\">Der Vorstand vertritt den Verein gerichtlich und au\u00dfergerichtlich; er hat die Stellung eines rechtsgesch\u00e4ftlichen Vertreters.<\/span><\/p>\n<p><span style=\"color: #000000;\">(7) Der Vorstand wird ausschlie\u00dflich ehrenamtlich t\u00e4tig. Auslagen k\u00f6nnen erstattet werden.<\/span><\/p>\n<p><span style=\"color: #000000;\">(8) Die Sitzungen des Vorstandes sind nicht \u00f6ffentlich; es k\u00f6nnen G\u00e4ste eingeladen werden.<\/span><\/p>\n<p><span style=\"color: #000000;\">(9) Der Vorstand wird vom Vorsitzenden bzw. der Vorsitzenden des Vereins nach Bedarf einberufen.<\/span><\/p>\n<p><span style=\"color: #000000;\">(10) Der Vorstand ist beschlussf\u00e4hig, wenn mindestens drei Vorstandsmitglieder anwesend sind. Beschl\u00fcsse werden in einfacher Mehrheit gefasst. Stimmengleichheit gilt als Ablehnung.<\/span><\/p>\n<p><span style=\"color: #000000;\">(11) Der Vorstand arbeitet im Sinne dieser Satzung. Er beschlie\u00dft \u00fcber alle wesentlichen Vereinsangelegenheiten, sofern sie nicht der Mitgliederversammlung vorbehalten sind. Der Vorstand f\u00fchrt die Beschl\u00fcsse der Mitgliederversammlung aus. Er bereitet den Haushaltsplan vor und stellt den Kassenabschluss fest.<\/span><\/p>\n<p><span style=\"color: #000000;\">(12) Der Vorstand ist berechtigt, unabwendbare und unaufschiebbare Angelegenheiten, die an sich der Mitgliederversammlung zugewiesen sind, zu entscheiden. Die Entscheidungen sind der n\u00e4chsten Mitgliederversammlung zur Best\u00e4tigung vorzulegen.<\/span><\/p>\n<p><span style=\"color: #000000;\">(13) Der Vorstand kann Verpflichtungen f\u00fcr den Verein nur in der Weise begr\u00fcnden, dass die Haftung der Mitglieder auf das Vereinsverm\u00f6gen beschr\u00e4nkt ist. Demgem\u00e4\u00df muss in allen Namens des Vereins abzuschlie\u00dfenden Vertr\u00e4gen oder sonstigen abzugebenden Verpflichtungserkl\u00e4rungen die Bestimmung aufgenommen werden, dass die Vereinsmitglieder f\u00fcr die daraus entstehenden Verbindlichkeiten nur mit dem Vereinsverm\u00f6gen haften.<\/span><\/p>\n<p><span style=\"color: #000000;\"><strong>\u00a7 10 Rechnungspr\u00fcfung<br \/>\n<\/strong>(1) Der\/die Kassenwart\/in legt j\u00e4hrlich zur Mitgliederversammlung den Kassenbericht vor. Die Kassenf\u00fchrung ist vorher durch zwei nicht dem Vorstand angeh\u00f6rende, von der Mitgliederversammlung zu w\u00e4hlendem Kassenpr\u00fcfer zu pr\u00fcfen. Das Ergebnis der Kassenpr\u00fcfung ist auf der Mitgliederversammlung vorzulegen.<\/span><\/p>\n<p><span style=\"color: #000000;\"><strong>\u00a7 11 Aufl\u00f6sung<br \/>\n<\/strong>(1) Zur Aufl\u00f6sung des Vereins ist mit einer Frist von einem Monat eine au\u00dferordentliche Mitgliederversammlung unter Angabe der Tagesordnungspunkte<\/span><br \/>\n<span style=\"color: #000000;\">a) Verwendung des Vereinsverm\u00f6gens<\/span><br \/>\n<span style=\"color: #000000;\">b) Aufl\u00f6sung des Vereins einzuberufen. Der Verein l\u00f6st sich durch Beschluss der Mitgliederversammlung mit einer Mehrheit von 75% der erschienenen Mitglieder auf.<\/span><\/p>\n<p><span style=\"color: #000000;\">(2) Die Auseinandersetzung nach Aufl\u00f6sung des Vereins soll unter entsprechender Anwendung der Vorschriften des B\u00fcrgerlichen Gesetzbuches (BGB) f\u00fcr die Liquidation eines rechtsf\u00e4higen Vereins erfolgen.<\/span><\/p>\n<p><span style=\"color: #000000;\">(3) Das Vereinsverm\u00f6gen geht bei Aufl\u00f6sung des Vereins oder Wegfall des Vereinszweckes an die Samtgemeinde Harpstedt, als Tr\u00e4ger des Feuerschutzes mit der Ma\u00dfgabe, es nur f\u00fcr die Freiwillige Feuerwehr Harpstedt zu verwenden.<\/span><\/p>\n<p><span style=\"color: #000000;\"><strong>\u00a7 12 G\u00fcltigkeit<br \/>\n<\/strong>(1) Diese gefasste Vereinssatzung des F\u00f6rdervereins der Freiwilligen Feuerwehr Harpstedt e.V. ist in der Gr\u00fcnderversammlung am 04. April 2008 beschlossen worden und tritt am darauffolgenden Tag in Kraft.<\/span><\/p>\n<p><span style=\"color: #000000;\">Harpstedt, den 4. April 2008<\/span><\/p>\n<hr \/>\n<p><span style=\"color: #000000;\"><strong>Beitragsordnung des F\u00f6rderverein der Freiwilligen Feuerwehr Harpstedt e.V.<\/strong><\/span><\/p>\n<p style=\"padding-left: 40px;\"><span style=\"color: #000000;\">1. Beitragspflichtig sind alle Mitglieder.<\/span><br \/>\n<span style=\"color: #000000;\">2. Die H\u00f6he des Jahresbeitrages wird von der Mitgliederversammlung nach einem Vorschlag des Vorstandes festgelegt.<\/span><br \/>\n<span style=\"color: #000000;\">3. Der Jahresbeitrag wird mit dem Zeitpunkt der Vereinsgr\u00fcndung auf 12,00 \u20ac festgelegt.<\/span><br \/>\n<span style=\"color: #000000;\">4. W\u00e4hrend des Jahres eintretende Mitglieder entrichten den vollen Jahresbeitrag. Eine Aufnahmegeb\u00fchr wird nicht erhoben.<\/span><br \/>\n<span style=\"color: #000000;\">5. Der Jahresbeitrag ist in voller H\u00f6he zu Beginn des Gesch\u00e4ftsjahres f\u00e4llig. Der Beitrag wird per Bankeinzug abgebucht. Hierzu wird eine entsprechende Vollmacht erteilt. Beitragsr\u00fcckst\u00e4nde sind einschlie\u00dflich der entstandenen Geb\u00fchren und Verzugszinsen einklagbar. Geb\u00fchren f\u00fcr R\u00fcckbuchungen tr\u00e4gt das Mitglied.<\/span><br \/>\n<span style=\"color: #000000;\">6. Entsprechend \u00a7 5, Absatz 2 der Satzung kann Beitragss\u00e4umigkeit zum Ausschluss aus dem Verein f\u00fchren.<\/span><br \/>\n<span style=\"color: #000000;\">7. Zuwendungen die den festgesetzten Mitgliedsbeitrag \u00fcbersteigen, gelten als Spende an den F\u00f6rderverein.<\/span><\/p>\n<p><span style=\"color: #000000;\">Beschlossen in der Gr\u00fcndungsversammlung am 4. April 2008<\/span><\/p>\n<p>&nbsp;<\/p>\n","protected":false},"excerpt":{"rendered":"<p>F\u00f6rderverein der Freiwilligen Feuerwehr Harpstedt e.V. Satzung \u00a7 1 Name, Sitz und Gesch\u00e4ftsjahr (1) Der Verein tr\u00e4gt den Namen \u201eF\u00f6rderverein der Freiwilligen Feuerwehr Harpstedt e.V.\u201c(nachfolgend Verein genannt) und hat seinen Sitz in Harpstedt. Das Gesch\u00e4ftsjahr entspricht dem Kalenderjahr. (2) Der Verein soll im Vereinsregister beim Amtsgericht Oldenburg eingetragen werden. \u00a7 2 Zweck (1) Der Verein [&hellip;]<\/p>\n","protected":false},"author":1,"featured_media":0,"parent":0,"menu_order":4,"comment_status":"closed","ping_status":"closed","template":"","meta":{"ocean_post_layout":"","ocean_both_sidebars_style":"","ocean_both_sidebars_content_width":0,"ocean_both_sidebars_sidebars_width":0,"ocean_sidebar":"0","ocean_second_sidebar":"0","ocean_disable_margins":"enable","ocean_add_body_class":"","ocean_shortcode_before_top_bar":"","ocean_shortcode_after_top_bar":"","ocean_shortcode_before_header":"","ocean_shortcode_after_header":"","ocean_has_shortcode":"","ocean_shortcode_after_title":"","ocean_shortcode_before_footer_widgets":"","ocean_shortcode_after_footer_widgets":"","ocean_shortcode_before_footer_bottom":"","ocean_shortcode_after_footer_bottom":"","ocean_display_top_bar":"on","ocean_display_header":"on","ocean_header_style":"","ocean_center_header_left_menu":"0","ocean_custom_header_template":"0","ocean_custom_logo":0,"ocean_custom_retina_logo":0,"ocean_custom_logo_max_width":0,"ocean_custom_logo_tablet_max_width":0,"ocean_custom_logo_mobile_max_width":0,"ocean_custom_logo_max_height":0,"ocean_custom_logo_tablet_max_height":0,"ocean_custom_logo_mobile_max_height":0,"ocean_header_custom_menu":"0","ocean_menu_typo_font_family":"0","ocean_menu_typo_font_subset":"","ocean_menu_typo_font_size":0,"ocean_menu_typo_font_size_tablet":0,"ocean_menu_typo_font_size_mobile":0,"ocean_menu_typo_font_size_unit":"px","ocean_menu_typo_font_weight":"","ocean_menu_typo_font_weight_tablet":"","ocean_menu_typo_font_weight_mobile":"","ocean_menu_typo_transform":"","ocean_menu_typo_transform_tablet":"","ocean_menu_typo_transform_mobile":"","ocean_menu_typo_line_height":0,"ocean_menu_typo_line_height_tablet":0,"ocean_menu_typo_line_height_mobile":0,"ocean_menu_typo_line_height_unit":"","ocean_menu_typo_spacing":0,"ocean_menu_typo_spacing_tablet":0,"ocean_menu_typo_spacing_mobile":0,"ocean_menu_typo_spacing_unit":"","ocean_menu_link_color":"","ocean_menu_link_color_hover":"","ocean_menu_link_color_active":"","ocean_menu_link_background":"","ocean_menu_link_hover_background":"","ocean_menu_link_active_background":"","ocean_menu_social_links_bg":"","ocean_menu_social_hover_links_bg":"","ocean_menu_social_links_color":"","ocean_menu_social_hover_links_color":"","ocean_disable_title":"on","ocean_disable_heading":"default","ocean_post_title":"","ocean_post_subheading":"","ocean_post_title_style":"","ocean_post_title_background_color":"","ocean_post_title_background":0,"ocean_post_title_bg_image_position":"","ocean_post_title_bg_image_attachment":"","ocean_post_title_bg_image_repeat":"","ocean_post_title_bg_image_size":"","ocean_post_title_height":0,"ocean_post_title_bg_overlay":0.5,"ocean_post_title_bg_overlay_color":"","ocean_disable_breadcrumbs":"default","ocean_breadcrumbs_color":"","ocean_breadcrumbs_separator_color":"","ocean_breadcrumbs_links_color":"","ocean_breadcrumbs_links_hover_color":"","ocean_display_footer_widgets":"on","ocean_display_footer_bottom":"on","ocean_custom_footer_template":"0","footnotes":""},"class_list":["post-123","page","type-page","status-publish","hentry","entry"],"_links":{"self":[{"href":"https:\/\/foerderverein.feuerwehr-harpstedt.de\/index.php?rest_route=\/wp\/v2\/pages\/123","targetHints":{"allow":["GET"]}}],"collection":[{"href":"https:\/\/foerderverein.feuerwehr-harpstedt.de\/index.php?rest_route=\/wp\/v2\/pages"}],"about":[{"href":"https:\/\/foerderverein.feuerwehr-harpstedt.de\/index.php?rest_route=\/wp\/v2\/types\/page"}],"author":[{"embeddable":true,"href":"https:\/\/foerderverein.feuerwehr-harpstedt.de\/index.php?rest_route=\/wp\/v2\/users\/1"}],"replies":[{"embeddable":true,"href":"https:\/\/foerderverein.feuerwehr-harpstedt.de\/index.php?rest_route=%2Fwp%2Fv2%2Fcomments&post=123"}],"version-history":[{"count":13,"href":"https:\/\/foerderverein.feuerwehr-harpstedt.de\/index.php?rest_route=\/wp\/v2\/pages\/123\/revisions"}],"predecessor-version":[{"id":220,"href":"https:\/\/foerderverein.feuerwehr-harpstedt.de\/index.php?rest_route=\/wp\/v2\/pages\/123\/revisions\/220"}],"wp:attachment":[{"href":"https:\/\/foerderverein.feuerwehr-harpstedt.de\/index.php?rest_route=%2Fwp%2Fv2%2Fmedia&parent=123"}],"curies":[{"name":"wp","href":"https:\/\/api.w.org\/{rel}","templated":true}]}}